se
Is 13536353 composite?
True
Is 71213981 a composite number?
False
Is 39279417 a composite number?
True
Is 1773349 prime?
True
Is 436367117 a composite number?
True
Is 7169489 composite?
False
Is 7877197 a composite number?
False
Is 122322701 composite?
True
Is 5862469 prime?
False
Is 3962821 prime?
False
Is 29937253 composite?
False
Is 2986651 prime?
False
Is 175245011 a prime number?
False
Is 184377833 a prime number?
True
Is 1680803 a prime number?
True
Is 8959423 a prime number?
False
Is 808837 composite?
False
Is 38311291 composite?
True
Is 245400197 composite?
True
Is 43503851 a composite number?
False
Is 81727 a composite number?
False
Is 19562567 prime?
True
Is 24940186 composite?
True
Is 51225227 a prime number?
True
Is 334507595 composite?
True
Is 1369453279 a composite number?
False
Is 4340659 prime?
True
Is 40993 a prime number?
True
Is 15955579 a composite number?
False
Is 2216117 composite?
False
Is 2195803 a composite number?
True
Is 1329529 prime?
True
Is 25390549 a prime number?
True
Is 266766573 prime?
False
Is 55476163 a prime number?
False
Is 5243491 a composite number?
True
Is 223851827 composite?
False
Is 13330433 a composite number?
True
Is 19764817 composite?
True
Is 1278091 composite?
True
Is 52610615 prime?
False
Is 391442023 a prime number?
False
Is 4678049 composite?
False
Is 251907011 prime?
True
Is 113163833 a composite number?
True
Is 13602751 a composite number?
False
Is 1061881 a composite number?
False
Is 1487191 prime?
True
Is 37627031 a composite number?
True
Is 1161967 composite?
True
Is 1597067 a composite number?
False
Is 549499 a composite number?
True
Is 51082897 composite?
False
Is 438974453 a composite number?
False
Is 14220799 a prime number?
True
Is 3603559 composite?
True
Is 8060783 prime?
False
Is 1523213 composite?
True
Is 84257939 a composite number?
True
Is 3728693 a composite number?
True
Is 80099641 a composite number?
False
Is 930893 a composite number?
True
Is 20542793 prime?
False
Is 23760823 prime?
True
Is 540227 composite?
True
Is 1695986 a prime number?
False
Is 57566489 a prime number?
True
Is 152087633 prime?
True
Is 12343081 prime?
True
Is 20190241 a prime number?
True
Is 1410289 composite?
False
Is 2650915 composite?
True
Is 10504633 a composite number?
True
Is 2797141 a prime number?
False
Is 3678043 a prime number?
True
Is 18337423 a prime number?
False
Is 221558401 a composite number?
True
Is 3970711 composite?
False
Is 2149009 a composite number?
True
Is 60288134 a composite number?
True
Is 30630019 a composite number?
True
Is 29033179 prime?
False
Is 29692919 prime?
False
Is 7259381 prime?
False
Is 55267 prime?
False
Is 110602903 a composite number?
True
Is 5486837 composite?
False
Is 41243693 prime?
False
Is 7255529 a composite number?
False
Is 70010009 a prime number?
True
Is 24993953 prime?
False
Is 635249 a prime number?
True
Is 62825519 composite?
True
Is 4248341 prime?
False
Is 48793 a composite number?
True
Is 5929823 prime?
False
Is 366051577 prime?
False
Is 18830765 a prime number?
False
Is 3848939 a prime number?
True
Is 5399161 a prime number?
True
Is 1295699 prime?
False
Is 5689657 composite?
False
Is 52920761 a prime number?
True
Is 275087 a composite number?
False
Is 53932147 prime?
False
Is 5022301 a composite number?
False
Is 41161 a composite number?
False
Is 194499997 a composite number?
True
Is 138548411 a prime number?
False
Is 2049041 prime?
True
Is 65509747 prime?
False
Is 16956166 a prime number?
False
Is 206761 a prime number?
False
Is 1199257 composite?
False
Is 3804817 a prime number?
False
Is 262129597 a prime number?
False
Is 217522 composite?
True
Is 931990493 composite?
True
Is 119606423 a prime number?
True
Is 10070903 prime?
False
Is 6850763 a prime number?
False
Is 96906937 composite?
False
Is 13104151 composite?
False
Is 2229641 prime?
False
Is 30843611 a prime number?
True
Is 51086053 a prime number?
False
Is 549024797 a composite number?
True
Is 96175229 a composite number?
False
Is 27197609 composite?
False
Is 121843 composite?
False
Is 43822 a composite number?
True
Is 2342609 prime?
True
Is 30528671 composite?
False
Is 168851 composite?
False
Is 172847 composite?
True
Is 73314911 prime?
True
Is 54559 composite?
False
Is 319291747 prime?
True
Is 112101629 composite?
False
Is 3346921 a prime number?
True
Is 176072269 prime?
True
Is 6276779 a composite number?
False
Is 314851 a prime number?
True
Is 360587 a prime number?
False
Is 314426059 prime?
True
Is 64740881 a prime number?
False
Is 2283719 prime?
True
Is 19229741 composite?
False
Is 46748761 prime?
True
Is 119861857 a prime number?
True
Is 156371173 a prime number?
False
Is 2337981 a prime number?
False
Is 83736403 a composite number?
True
Is 1664387 composite?
False
Is 124629661 a composite number?
True
Is 408843119 a prime number?
False
Is 5209013 a prime number?
True
Is 40190357 a prime number?
True
Is 279059173 composite?
True
Is 697549 composite?
True
Is 26834831 composite?
True
Is 11743 a composite number?
False
Is 52900031 prime?
False
Is 782869 a composite number?
True
Is 70184509 prime?
False
Is 9971453 composite?
True
Is 9856019 prime?
True
Is 8710757 a composite number?
True
Is 937054 a prime number?
False
Is 56033 a prime number?
False
Is 156621857 composite?
True
Is 24825187 composite?
True
Is 1157027 a composite number?
True
Is 1468959 a composite number?
True
Is 164680291 a composite number?
True
Is 20933369 a composite number?
True
Is 63744683 composite?
True
Is 1859791 a composite number?
True
Is 656113 prime?
True
Is 3172237 composite?
False
Is 244883 a composite number?
True
Is 51622451 prime?
True
Is 1111993 prime?
False
Is 17618743 a prime number?
False
Is 16309697 composite?
False
Is 4181603 a prime number?
True
Is 15467395 a composite number?
True
Is 1728806515 a prime number?
False
Is 180388927 composite?
False
Is 5120113 prime?
True
Is 37332893 composite?
True
Is 29511467 a prime number?
True
Is 57746497 a composite number?
False
Is 57333143 composite?
True
Is 107303 a prime number?
False
Is 6731419 composite?
True
Is 4692937 a composite number?
True
Is 93803902 a composite number?
True
Is 118472147 prime?
False
Is 25590737 a composite number?
False
Is 929459 prime?
True
Is 37599349 a composite number?
False
Is 560120039 a prime number?
True
Is 5167205 a composite number?
True
Is 1896799 composite?
True
Is 45785797 a prime number?
True
Is 8712107 composite?
True
Is 10912531 a composite number?
True
Is 8970901 a prime number?
True
Is 54783923 composite?
False
Is 12548509 a composite number?
True
Is 136133 a composite number?
False
Is 20846851 a prime number?
True
Is 2746309 a prime number?
True
Is 3132971 a composite number?
False
Is 41688721 a composite number?
True
Is 160597807 a prime number?
True
Is 26142859 prime?
False
Is 5722071 a prime number?
False
Is 36229069 a composite number?
False
Is 1189977403 composite?
False
Is 162244139 a prime number?
False
Is 118429153 a composite number?
False
Is 1087699 a prime number?
False
Is 4198991 a composite number?
True
Is 54014641 a composite number?
False
Is 5600317 prime?
False
Is 27328159 composite?
False
Is 15574159 a composite number?
True
Is 21673877 a composite number?
True
Is 96002363 prime?
True
Is 4941449 a composite number?
False
Is 10879735 a composite number?
True
Is 29277433 a composite number?
False
Is 9521661 a prime number?
False
Is 228744437 prime?
True
Is 5740619 composite?
False
Is 5556337 a composite number?
False
Is 7373447 composite?
False
Is 3340765 prime?
False
Is 87924197 composite?
False
Is 896633 composite?
False
Is 140101973 a composite number?
True
Is 45420223 a prime number?
True
Is 214499237 composite?
True
Is 400321 a prime number?
True
Is 45457385 prime?
False
Is 26776957 composite?
False
Is 121012693 composite?
False
Is 49924859 prime?
False
Is 93787979 a prime number?
True
Is 3968981 a composite number?
False
Is 2445017 a composite number?
True
Is 47606807 a composite number?
False
Is 7237961 composite?
False
Is 25331083 a prime number?
True
Is 21057191 prime?
True
Is 655847 a prime number?
True
Is 383258801 a prime number?
True
Is 173449 prime?
False
Is 256877353 a prime number?
True
Is 62593441 composite?
False
Is 304732283 a composite number?
False
Is 1850027 prime?
Fals